{"id":446,"date":"2024-02-11T10:38:36","date_gmt":"2024-02-11T09:38:36","guid":{"rendered":"https:\/\/catchart.de\/?page_id=446"},"modified":"2024-06-24T10:11:53","modified_gmt":"2024-06-24T09:11:53","slug":"2024-midsommar-con","status":"publish","type":"page","link":"https:\/\/catchart.de\/?page_id=446","title":{"rendered":"2024 &#8211; Midsommar-Con"},"content":{"rendered":"\n<figure class=\"wp-block-image size-large\"><img loading=\"lazy\" decoding=\"async\" width=\"1024\" height=\"726\" src=\"https:\/\/catchart.de\/wp-content\/uploads\/2024\/02\/Jonglier-Conventionen_21.-23._Juni_2024_Haus_der_Jugend_Hannover-2-1024x726.jpg\" alt=\"\" class=\"wp-image-447\" srcset=\"https:\/\/catchart.de\/wp-content\/uploads\/2024\/02\/Jonglier-Conventionen_21.-23._Juni_2024_Haus_der_Jugend_Hannover-2-1024x726.jpg 1024w, https:\/\/catchart.de\/wp-content\/uploads\/2024\/02\/Jonglier-Conventionen_21.-23._Juni_2024_Haus_der_Jugend_Hannover-2-300x213.jpg 300w, https:\/\/catchart.de\/wp-content\/uploads\/2024\/02\/Jonglier-Conventionen_21.-23._Juni_2024_Haus_der_Jugend_Hannover-2-768x545.jpg 768w, https:\/\/catchart.de\/wp-content\/uploads\/2024\/02\/Jonglier-Conventionen_21.-23._Juni_2024_Haus_der_Jugend_Hannover-2-1536x1090.jpg 1536w, https:\/\/catchart.de\/wp-content\/uploads\/2024\/02\/Jonglier-Conventionen_21.-23._Juni_2024_Haus_der_Jugend_Hannover-2.jpg 1748w\" sizes=\"auto, (max-width: 1024px) 100vw, 1024px\" \/><\/figure>\n\n\n\n<p>Eine erfolgreiche Convention liegt hinter uns. Es war ein sehr gro\u00dfartiges Wochenende mit euch allen.<br>In K\u00fcrze werdet ihr hier eine Lost&amp;Found finden. Paypal spenden werden <a href=\"https:\/\/www.paypal.com\/pools\/c\/95xZOvjiFk\">hier<\/a> noch f\u00fcr 1 Woche gern gesehen.<\/p>\n\n\n\n<p><\/p>\n\n\n\n<h2 class=\"wp-block-heading\">Voranmeldung geschlossen<\/h2>\n\n\n\n<p>Tickets bekommt ihr noch vor Ort, wir haben noch freie \u00dcbernachtungspl\u00e4tze.<\/p>\n\n\n\n<figure class=\"wp-block-table\"><table><tbody><tr><td>Preise vor Ort<\/td><td>Fr-So<\/td><td>Sa-So<\/td><td>Sa<\/td><\/tr><tr><td>Erwachsene<\/td><td>45 \u20ac<\/td><td>40 \u20ac<\/td><td>25\u20ac<\/td><\/tr><tr><td>Kinder\/Jugendliche (7-17)<\/td><td>25 \u20ac<\/td><td>20 \u20ac<\/td><td>15 \u20ac<\/td><\/tr><tr><td>Kinder (&lt;7)<\/td><td>frei<\/td><td>frei<\/td><td>frei<\/td><\/tr><\/tbody><\/table><\/figure>\n\n\n\n<p><strong>Vorl\u00e4ufiges Programm:<\/strong><\/p>\n\n\n\n<ul class=\"wp-block-list\">\n<li>Jonglieren 24h (Sporthalle, Saal, Zelt, Wiese)<\/li>\n\n\n\n<li>Workshops (wir sind gespannt auf eure Beitr\u00e4ge)<\/li>\n\n\n\n<li>Volleyclub (2 Beachfelder)<\/li>\n\n\n\n<li>Jonglier-Spiele<\/li>\n<\/ul>\n\n\n\n<p><strong>Anmeldung\/ Einlass:<\/strong><\/p>\n\n\n\n<p>Zugang \u00fcber die Langensalzastra\u00dfe 23-24, 30169 Hannover!<\/p>\n\n\n\n<p>Ort: Haus der Jugend, Maschstra\u00dfe 22-24, 30169 Hannover (von dieser Seite kein Einlass m\u00f6glich!)<\/p>\n\n\n\n<p><strong>Anreise:<\/strong><\/p>\n\n\n\n<p>Ab Hannover Hauptbahnhof zu Fu\u00df (15 Minuten) oder mit der U1, U2 oder U8 bis Aegidientorplatz (3 Minuten)<\/p>\n\n\n\n<p><strong>Verpflegung:<\/strong><\/p>\n\n\n\n<ul class=\"wp-block-list\">\n<li><strong>Kein<\/strong> Essen am Freitag <\/li>\n\n\n\n<li>2 x Fr\u00fchst\u00fcck und ein warmes Abendessen am Samstag sind im Eintrittspreis inbegriffen.<\/li>\n\n\n\n<li>Getr\u00e4nke k\u00f6nnt ihr bei uns zum Selbstkostenpreis kaufen.<\/li>\n\n\n\n<li>Es gibt eine Softeis Maschine!<\/li>\n\n\n\n<li>Wer sich selbst verpflegen m\u00f6chte, erreicht zu Fu\u00df in 5 Minuten B\u00e4ckereien, Restaurants und Superm\u00e4rkte.<\/li>\n<\/ul>\n\n\n\n<p><strong>Weiteres<\/strong>:<\/p>\n\n\n\n<ul class=\"wp-block-list\">\n<li>Die \u00dcbernachtung ist mit eigener Isomatte und Schlafsack in mehreren kleinen Turnhallen\/S\u00e4len\/R\u00e4umen m\u00f6glich. Es stehen erstmal 180 Schlafpl\u00e4tze zur Verf\u00fcgung, um die R\u00e4ume nicht zu voll zu belegen. Bitte nutzt die Voranmeldung!<\/li>\n\n\n\n<li>Wir haben Platz f\u00fcr maximal 15 Zelte.<\/li>\n\n\n\n<li>Stellpl\u00e4tze f\u00fcr Wohnmobile sind nur in sehr geringer Anzahl vorhanden. Bitte unbedingt bei der Anmeldung angeben, wenn du im eigenen Auto \u00fcbernachten m\u00f6chtest.<\/li>\n\n\n\n<li>Parkm\u00f6glichkeit in unmittelbarer N\u00e4he sind begrenzt (Innenstadt).<\/li>\n\n\n\n<li>Auf dem Gel\u00e4nde sind keine Tiere erlaubt.<\/li>\n\n\n\n<li>Helferinnen und Helfer erw\u00fcnscht&nbsp;<\/li>\n\n\n\n<li>Bitte bringt eigenes Geschirr und Besteck mit<\/li>\n<\/ul>\n\n\n\n<h2 class=\"wp-block-heading\">Kids-CON<\/h2>\n\n\n\n<p>Parallel zur Midsommar-Convention findet die Kids-CON f\u00fcr alle im Alter von 7-13 Jahren statt. Weitere Infos und eine Anmeldung findet ihr <a href=\"https:\/\/catchart.de\/?page_id=474\" data-type=\"page\" data-id=\"474\">hier<\/a>.<\/p>\n","protected":false},"excerpt":{"rendered":"<p>Eine erfolgreiche Convention liegt hinter uns. Es war ein sehr gro\u00dfartiges Wochenende mit euch allen.In K\u00fcrze werdet ihr hier eine Lost&amp;Found finden. Paypal spenden werden hier noch f\u00fcr 1 Woche gern gesehen. Voranmeldung geschlossen Tickets bekommt ihr noch vor Ort,&#8230; <a href=\"https:\/\/catchart.de\/?page_id=446\" class=\"readmore\">Weiterlesen<span class=\"screen-reader-text\">2024 &#8211; Midsommar-Con<\/span><span class=\"fa fa-angle-double-right\" aria-hidden=\"true\"><\/span><\/a><\/p>\n","protected":false},"author":4,"featured_media":0,"parent":0,"menu_order":1,"comment_status":"closed","ping_status":"closed","template":"","meta":{"footnotes":""},"class_list":["post-446","page","type-page","status-publish","hentry"],"_links":{"self":[{"href":"https:\/\/catchart.de\/index.php?rest_route=\/wp\/v2\/pages\/446","targetHints":{"allow":["GET"]}}],"collection":[{"href":"https:\/\/catchart.de\/index.php?rest_route=\/wp\/v2\/pages"}],"about":[{"href":"https:\/\/catchart.de\/index.php?rest_route=\/wp\/v2\/types\/page"}],"author":[{"embeddable":true,"href":"https:\/\/catchart.de\/index.php?rest_route=\/wp\/v2\/users\/4"}],"replies":[{"embeddable":true,"href":"https:\/\/catchart.de\/index.php?rest_route=%2Fwp%2Fv2%2Fcomments&post=446"}],"version-history":[{"count":18,"href":"https:\/\/catchart.de\/index.php?rest_route=\/wp\/v2\/pages\/446\/revisions"}],"predecessor-version":[{"id":491,"href":"https:\/\/catchart.de\/index.php?rest_route=\/wp\/v2\/pages\/446\/revisions\/491"}],"wp:attachment":[{"href":"https:\/\/catchart.de\/index.php?rest_route=%2Fwp%2Fv2%2Fmedia&parent=446"}],"curies":[{"name":"wp","href":"https:\/\/api.w.org\/{rel}","templated":true}]}}