{"id":52,"date":"2019-01-26T18:36:48","date_gmt":"2019-01-26T17:36:48","guid":{"rendered":"http:\/\/catchart.de\/?page_id=52"},"modified":"2019-02-07T14:53:36","modified_gmt":"2019-02-07T13:53:36","slug":"impressum","status":"publish","type":"page","link":"https:\/\/catchart.de\/?page_id=52","title":{"rendered":"Impressum"},"content":{"rendered":"\n<p><strong>CatchArt e.V.<\/strong><\/p>\n\n\n\n<p>Vereinsanschrift: Niemeyerstr. 17a, 30449 Hannover<\/p>\n\n\n\n<p>Vorsitzende: Bettina Hasenpusch <\/p>\n\n\n\n<p>Kontakt: vorstand@catchart.de<\/p>\n\n\n\n<p>Tel. 0511-2354710<\/p>\n\n\n\n<p>www.catchart.de<\/p>\n\n\n\n<p>Eintragung im Vereinsregister beim Amtsgericht Hannover<br>Registernummer: 202895<\/p>\n\n\n\n<p>Steuernummer: 25\/206\/58449<\/p>\n\n\n\n<p><\/p>\n\n\n\n<h4 class=\"wp-block-heading\">1. Haftung f\u00fcr Inhalte<\/h4>\n\n\n\n<p>Die Inhalte dieser Webseite wurden mit gr\u00f6\u00dftm\u00f6glicher Sorgfalt erstellt. Der Betreiber dieser Webseite \u00fcbernimmt keine Gew\u00e4hr f\u00fcr die Richtigkeit und Aktualit\u00e4t der bereitgestellten kostenlosen Inhalte. Namentlich gekennzeichnete Beitr\u00e4ge geben die Meinung des jeweiligen Autors und nicht immer die Meinung des Betreibers wieder.<\/p>\n\n\n\n<h4 class=\"wp-block-heading\">2. Externe Links<\/h4>\n\n\n\n<p>Diese Website enth\u00e4lt Verkn\u00fcpfungen zu Websites Dritter (&#8222;externe Links&#8220;). Diese Websites unterliegen der Haftung der jeweiligen Betreiber. Der Seitenbetreiber hat bei der erstmaligen Verkn\u00fcpfung der externen Links die fremden Inhalte daraufhin \u00fcberpr\u00fcft, ob etwaige Rechtsverst\u00f6\u00dfe bestehen. Zu dem Zeitpunkt waren keine Rechtsverst\u00f6\u00dfe ersichtlich. Der Betreiber hat keinerlei Einfluss auf die aktuelle und zuk\u00fcnftige Gestaltung und auf die Inhalte der verkn\u00fcpften Seiten. Das Setzen von externen Links bedeutet nicht, dass sich der Betreiber die hinter dem Verweis oder Link liegenden Inhalte zu Eigen macht. Eine st\u00e4ndige Kontrolle der externen Links ist f\u00fcr den Betreiber ohne konkrete Hinweise auf Rechtsverst\u00f6\u00dfe nicht zumutbar. Bei Kenntnis von Rechtsverst\u00f6\u00dfen werden jedoch derartige externe Links unverz\u00fcglich gel\u00f6scht.<\/p>\n\n\n\n<h4 class=\"wp-block-heading\">3. Urheber- und Leistungsschutzrechte<\/h4>\n\n\n\n<p>Die durch die Seitenbetreiber erstellten Inhalte und Werke auf diesen Seiten unterliegen dem deutschen Urheberrecht. Die Vervielf\u00e4ltigung, Bearbeitung, Verbreitung und jede Art der Verwertung au\u00dferhalb der Grenzen des Urheberrechtes bed\u00fcrfen der schriftlichen Zustimmung des jeweiligen Autors bzw. Erstellers. Downloads und Kopien dieser Seite sind nur f\u00fcr den privaten, nicht kommerziellen Gebrauch gestattet.<\/p>\n\n\n\n<p>Soweit die Inhalte auf dieser Seite nicht vom Betreiber erstellt wurden, werden die Urheberrechte Dritter beachtet. Insbesondere werden Inhalte Dritter als solche gekennzeichnet. Sollten Sie trotzdem auf eine Urheberrechtsverletzung aufmerksam werden, bitten wir um einen entsprechenden Hinweis. Bei Bekanntwerden von Rechtsverletzungen werden wir derartige Inhalte umgehend entfernen.<\/p>\n\n\n\n<p style=\"text-align:right\"><br>Quelle u.a.:&nbsp;<a href=\"https:\/\/www.juraforum.de\/disclaimer_muster\/\">Disclaimer Muster von JuraForum.de<\/a><\/p>\n","protected":false},"excerpt":{"rendered":"<p>CatchArt e.V. Vereinsanschrift: Niemeyerstr. 17a, 30449 Hannover Vorsitzende: Bettina Hasenpusch Kontakt: vorstand@catchart.de Tel. 0511-2354710 www.catchart.de Eintragung im Vereinsregister beim Amtsgericht HannoverRegisternummer: 202895 Steuernummer: 25\/206\/58449 1. Haftung f\u00fcr Inhalte Die Inhalte dieser Webseite wurden mit gr\u00f6\u00dftm\u00f6glicher Sorgfalt erstellt. Der Betreiber dieser&#8230; <a href=\"https:\/\/catchart.de\/?page_id=52\" class=\"readmore\">Weiterlesen<span class=\"screen-reader-text\">Impressum<\/span><span class=\"fa fa-angle-double-right\" aria-hidden=\"true\"><\/span><\/a><\/p>\n","protected":false},"author":1,"featured_media":0,"parent":63,"menu_order":3,"comment_status":"closed","ping_status":"closed","template":"","meta":{"footnotes":""},"class_list":["post-52","page","type-page","status-publish","hentry"],"_links":{"self":[{"href":"https:\/\/catchart.de\/index.php?rest_route=\/wp\/v2\/pages\/52","targetHints":{"allow":["GET"]}}],"collection":[{"href":"https:\/\/catchart.de\/index.php?rest_route=\/wp\/v2\/pages"}],"about":[{"href":"https:\/\/catchart.de\/index.php?rest_route=\/wp\/v2\/types\/page"}],"author":[{"embeddable":true,"href":"https:\/\/catchart.de\/index.php?rest_route=\/wp\/v2\/users\/1"}],"replies":[{"embeddable":true,"href":"https:\/\/catchart.de\/index.php?rest_route=%2Fwp%2Fv2%2Fcomments&post=52"}],"version-history":[{"count":4,"href":"https:\/\/catchart.de\/index.php?rest_route=\/wp\/v2\/pages\/52\/revisions"}],"predecessor-version":[{"id":66,"href":"https:\/\/catchart.de\/index.php?rest_route=\/wp\/v2\/pages\/52\/revisions\/66"}],"up":[{"embeddable":true,"href":"https:\/\/catchart.de\/index.php?rest_route=\/wp\/v2\/pages\/63"}],"wp:attachment":[{"href":"https:\/\/catchart.de\/index.php?rest_route=%2Fwp%2Fv2%2Fmedia&parent=52"}],"curies":[{"name":"wp","href":"https:\/\/api.w.org\/{rel}","templated":true}]}}